est common divisor of h and 16?
8
Let j be 2*(-1 - (-14)/(-4)). Let q = 10 + j. Calculate the highest common factor of q and 1.
1
Let l be ((-2)/(-12))/(4/24). Suppose -x - l = b, -b - 3 = -5*x - 26. Calculate the greatest common factor of 9 and b.
3
Let c be -4*(-1)/2*-3. Let d = c - -18. Calculate the greatest common divisor of d and 8.
4
Let x(p) = 15*p**3 - 2*p + 1. Let i(u) = u**3 - 5*u**2 + 5*u - 3. Let z be i(4). Let c be x(z). What is the highest common divisor of c and 98?
14
Let f(v) = v**2 + 6*v. Let i be f(-7). What is the greatest common factor of 7 and i?
7
Let a = 50 + -10. What is the greatest common factor of 8 and a?
8
Let x(l) be the third derivative of -l**5/60 - l**4/4 + l**3/3 + 3*l**2. Let w be x(-5). What is the highest common factor of w and 14?
7
Suppose 3*n = -4*z + 225, -3*n + z + 225 = -z. Let s = -10 - -25. Calculate the greatest common divisor of n and s.
15
Let f be -50*(2/(-4) + 0). Let d(p) = -p**3 - 8*p**2 + 21*p + 15. Let z be d(-10). What is the greatest common factor of z and f?
5
Let l(s) be the second derivative of 0 + 55/6*s**4 + 1/6*s**3 - 1/2*s**2 + s. Let y be l(1). Calculate the highest common factor of 10 and y.
10
Suppose 90 = -2*c + 4*c. Suppose -4*n + 60 = 2*o, -5*n = -2*n + 5*o - c. What is the highest common factor of n and 10?
5
Suppose -4*z - 2*d = d - 532, 5*z - 4*d - 696 = 0. Calculate the highest common factor of z and 17.
17
Let t = 10 - 3. Let i = -4 + t. Suppose -45 = -i*c + 3*r, -5*c - 4*r + 28 = -29. What is the highest common divisor of 39 and c?
13
Suppose -4*p = f - 41, p - 3*p + 23 = f. Calculate the greatest common divisor of p and 99.
9
Let q be (1 - -48) + 2/1. Let i = q + 53. Calculate the highest common divisor of 13 and i.
13
Let n(v) = 9*v + 3. Let o be n(5). Let r be ((-4)/6)/((-2)/276). Suppose 0 = -3*q + 268 + r. Calculate the greatest common factor of q and o.
24
Suppose 4*f = -2*l - 320, 5*f + 409 = -5*l - 401. Let m = 244 + l. Let q = -16 + 26. Calculate the highest common divisor of m and q.
10
Let m be 3/4 - (-30)/24. Suppose -2*a + 2*p = 2 - 102, m*p = -4*a + 176. Calculate the greatest common divisor of 69 and a.
23
Let p = 7 + -4. Suppose 48 = h + 3*h. What is the greatest common divisor of p and h?
3
Let t be (-1)/(1/((-4)/2)). Suppose t*s = 5*d + 94, 2*d = 4*d + 4. Let u = -6 + s. What is the highest common divisor of u and 90?
18
Let w(p) = -p + 3. Let m be w(0). Suppose 0 = 4*o - 13 - m. Suppose o*k + 46 = g - 122, -2*g + 350 = -k. What is the greatest common factor of 16 and g?
16
Suppose -3*v - 1 + 9 = 2*x, 2*x = 5*v - 8. Let q = 15 - v. What is the highest common factor of q and 13?
13
Suppose 9*w = 12*w - 405. Calculate the highest common divisor of 54 and w.
27
Let t = -32 + 50. What is the highest common factor of 18 and t?
18
Let w = 29 - 7. Suppose -78 = -4*q - w. What is the highest common factor of q and 98?
14
Let y be 14 + 12/(-3) - -3. Calculate the greatest common factor of 39 and y.
13
Let a(c) = c**2 - 6*c - 5. Let o be -1 + 10 - 8/4. Suppose v - 2*v + o = 0. Let j be a(v). Calculate the greatest common factor of 10 and j.
2
Suppose -w + 90 = 4*w - 2*v, w - 3*v = 31. Let t be (w/(-10))/((-1)/60). What is the greatest common divisor of t and 12?
12
Suppose -4*v = -2*v + 6. Let c be (95 - -4)/(v/(-2)). Calculate the greatest common divisor of c and 6.
6
Suppose 19*w - 20*w + 152 = 0. What is the greatest common divisor of w and 19?
19
Suppose -3*h + 34 = 2*u, -3*u = -3*h - u + 14. What is the highest common divisor of 24 and h?
8
Let z(i) = -i**3 - 6*i**2 - 7*i - 6. Let k be z(-5). Suppose -9*v - 85 = -5*t - k*v, 2*v + 68 = 4*t. Calculate the greatest common factor of 153 and t.
17
Let q = -27 + 36. What is the highest common divisor of q and 27?
9
Let x = -16 - -10. Let z be 63/3 - x/2. What is the greatest common divisor of z and 12?
12
Suppose 151 = 5*m + h, h = 3*m - 20 - 77. Calculate the highest common factor of m and 31.
31
Let t be (-4)/18 + 33/27. Let q be 48/36*3*1. Let u be (6/q)/(9/54). What is the greatest common factor of t and u?
1
Let c(u) = u**3 + 7*u**2 - 2*u - 3. Let t be c(-6). Let n be 3/((t/48)/5). What is the greatest common factor of 128 and n?
16
Let r = -11 - -8. Let s(t) = -2*t**3 + 3*t**2 - t + 4. Let h be s(r). Let f(p) = -2*p + 1. Let u be f(-5). Calculate the greatest common factor of h and u.
11
Let b = -15 + 27. Let k = -13 - -37. What is the greatest common factor of b and k?
12
Suppose -2 = 2*j - 8. Suppose 5*n - 1111 = -221. Suppose q = -j*t + n, 0*q - 2*q - 4 = 0. Calculate the greatest common factor of t and 12.
12
Let t(o) = o**2 - 5*o + 9. Let f be t(9). Let b(p) = -3*p - 9. Let n be b(-6). What is the highest common divisor of f and n?
9
Let n = 19 + -14. Suppose -n*g + 22 = 4*y, 5*g + 5*y = -2 + 22. Calculate the greatest common divisor of 54 and g.
6
Suppose -k + 28 = 3*k + 5*x, 0 = k + 3*x - 14. Suppose 6*o - 74 = o + c, -6 = -o - k*c. What is the highest common divisor of 7 and o?
7
Let r be (61 - -1) + (4 + -3 - -2). Calculate the highest common divisor of 13 and r.
13
Suppose 20*h = 16*h - 48. Let w be (-12)/(-16) - 255/h. What is the highest common divisor of 33 and w?
11
Let q be ((-44)/(-6))/(((-44)/6)/(-11)). Calculate the highest common factor of q and 44.
11
Suppose 0*i + i - 17 = 0. Let g = -3 + i. Suppose -2*x = -5*p - 3*x + 213, 5*p + 3*x = 219. Calculate the greatest common divisor of g and p.
14
Suppose 3*v + 3*s = 0, 6*s - 4*s = 2*v - 20. Suppose -5*z + 73 = d, -2*z - d + 16 = -v*d. Calculate the highest common divisor of 70 and z.
14
Let x(w) = w**2 - 7*w + 9. Let p be x(7). Let h be 1138/14 - (-4)/(-14). Calculate the highest common factor of h and p.
9
Let q(b) = -b**3 - 3*b**2 + 6*b - 2. Let m be q(-5). What is the greatest common factor of 144 and m?
18
Suppose -3*o = -1 - 2. Let f be 11/11 - (0 + -1). What is the greatest common factor of f and o?
1
Let b(v) = 17*v + 4. Let f be b(4). Calculate the greatest common factor of 8 and f.
8
Let g(a) = -a - 3*a**2 + 4 + 8*a + 7*a**2. Let x be g(-4). What is the greatest common divisor of x and 5?
5
Suppose -4*g + 8 = -12. Let t = -843 + 888. Calculate the highest common divisor of t and g.
5
Suppose -6 - 8 = -2*q. Let j(x) = x. Let n be j(2). Suppose -n*p + 63 = -49. Calculate the highest common factor of p and q.
7
Suppose -4*o + 3*v + 2 = -11, 3*o + 3*v = 15. What is the greatest common factor of o and 16?
4
Suppose n + 3*n = -4. Let y be (-186)/(-6) - 3/n. What is the greatest common factor of 51 and y?
17
Let i(l) = -l. Let b be i(-4). Suppose -4*f - b*u = -36 + 4, 39 = 3*f - 2*u. Suppose 0 = -5*s + 42 + 453. Calculate the greatest common factor of s and f.
11
Let x(c) be the third derivative of -c**6/120 + c**4/24 + 11*c**3/6 + 4*c**2. Let s be x(0). What is the highest common factor of s and 77?
11
Let z(i) = -10*i**3 + i**2 + 2*i + 1. Let o be z(-1). What is the highest common factor of o and 50?
10
Let p = -20 - -40. Suppose 550 = 3*g - 110. Calculate the highest common divisor of g and p.
20
Suppose 0*w + w = 78. Let o = 10 + w. Let b(h) = -3*h - 13. Let x be b(-8). Calculate the greatest common factor of o and x.
11
Let p(k) = -k**3 + k + 36. Let z be p(0). Suppose -2*b = 0, -2*m + b = 6*b - 36. Calculate the highest common divisor of z and m.
18
Let i be 2/(2 + -4) - -4. Let s(w) = -w**2 - 6*w - 1. Let y be s(-3). Let h(n) = -n**2 + 7*n + 11. Let v be h(y). What is the highest common factor of v and i?
3
Suppose 0*a + 2*a - 256 = 0. What is the greatest common divisor of a and 16?
16
Let g be (2 + 0)/((-2)/(-15)). Let q = -2 + g. What is the greatest common factor of q and 65?
13
Let p = 83 - -164. What is the greatest common divisor of p and 13?
13
Suppose -3*l - 2*l = -5. Suppose 0*o = o - l. Calculate the greatest common divisor of o and 1.
1
Suppose t + 231 = 2*t. What is the greatest common divisor of 21 and t?
21
Let g(m) = -m**3 - m**2 + 4*m + 8. Let q be g(0). What is the highest common divisor of q and 4?
4
Suppose 0 = -s - l + 18, 0 = -2*s - 3*l + 21 + 20. Let q(r) = -7*r**3 + 2*r**2 - r - 1. Let t be q(-2). What is the greatest common factor of t and s?
13
Suppose -20 = -4*m, -2*r - 5*m = -0*m - 27. Let w(n) = 22*n - 1. Let d be w(r). Calculate the greatest common factor of 84 and d.
21
Suppose 22 = v + 3*l, 18